se 4?
22021
What is 351 (base 9) in base 11?
243
-34a54 (base 11) to base 16
-c554
What is 2045 (base 11) in base 6?
20315
-1302132 (base 4) to base 2
-1110010011110
What is 10201 (base 5) in base 2?
1010100100
What is -13032 (base 7) in base 12?
-1bb9
Convert -75c (base 13) to base 11.
-a46
-6937 (base 11) to base 6
-110111
What is 49 (base 12) in base 9?
63
What is -1331 (base 7) in base 10?
-512
What is 4511 (base 8) in base 10?
2377
Convert -10044 (base 9) to base 2.
-1100111001001
What is -272 (base 8) in base 13?
-114
What is 1211 (base 4) in base 6?
245
6743 (base 14) to base 5
1033040
24615 (base 8) to base 14
3c3b
Convert -334311 (base 5) to base 9.
-17205
What is 1424 (base 8) in base 4?
30110
3181 (base 10) to base 14
1233
Convert 4781 (base 16) to base 8.
43601
What is 2717 (base 13) in base 16?
15dd
What is -937 (base 11) in base 4?
-101221
-31240 (base 6) to base 14
-1760
What is 1000011001 (base 2) in base 4?
20121
-8e63 (base 15) to base 8
-73043
Convert -5521 (base 7) to base 2.
-11110110111
What is 343 (base 16) in base 4?
31003
-495c (base 14) to base 9
-18526
Convert -e5 (base 16) to base 5.
-1404
-11333013 (base 4) to base 11
-17470
What is -b8 (base 13) in base 5?
-1101
What is 1e3f (base 16) in base 5?
221433
What is -2111100 (base 3) in base 14?
-93c
Convert -1138 (base 12) to base 16.
-77c
-441 (base 11) to base 4
-20101
-2565 (base 8) to base 2
-10101110101
What is 1000101011011 (base 2) in base 6?
32323
1100010 (base 2) to base 15
68
What is -2a45 (base 12) in base 2?
-1001101010101
What is -7268 (base 13) in base 15?
-4a38
What is -1200022 (base 3) in base 16?
-4c7
-54206 (base 8) to base 7
-123033
What is 157 (base 9) in base 2?
10000101
Convert -10010001 (base 2) to base 15.
-9a
-1353 (base 16) to base 14
-1b35
What is -13001 (base 4) in base 2?
-111000001
14566 (base 9) to base 7
40662
3224 (base 5) to base 3
121021
-10a (base 12) to base 8
-232
What is 2502 (base 11) in base 2?
110011000101
22220120 (base 3) to base 12
3913
-20550 (base 6) to base 10
-2802
-b49 (base 13) to base 2
-11110000000
-10011020 (base 3) to base 10
-2301
What is 1001011010 (base 2) in base 15?
2a2
What is -37bb (base 13) in base 16?
-1ef8
What is 38828 (base 9) in base 2?
110011001001101
Convert -2768 (base 10) to base 14.
-101a
Convert -222200 (base 4) to base 13.
-1313
What is -37717 (base 9) in base 16?
-6319
What is 101121010 (base 3) in base 14?
2b5b
What is -368 (base 13) in base 12?
-415
51250 (base 6) to base 15
2033
Convert -133030 (base 5) to base 14.
-1d70
666 (base 11) to base 5
11143
Convert 6cc (base 16) to base 3.
2101110
What is -1a46 (base 13) in base 5?
-111240
-1300 (base 6) to base 2
-101000100
Convert 2110 (base 5) to base 13.
187
Convert 38b (base 14) to base 2.
1011000111
10202200 (base 3) to base 15
c30
Convert 543b (base 14) to base 10.
14557
373 (base 11) to base 8
673
What is 31a (base 12) in base 8?
706
What is 1073 (base 9) in base 15?
380
Convert -1120001 (base 3) to base 12.
-7a7
Convert -26a42 (base 11) to base 7.
-220213
-17653 (base 11) to base 10
-24742
What is 560 (base 12) in base 3?
1002100
What is 1023 (base 11) in base 13?
804
Convert 104350 (base 7) to base 6.
221001
Convert 30011 (base 6) to base 14.
15c3
What is -1334212 (base 5) in base 15?
-81dc
Convert 4422 (base 5) to base 14.
31a
What is 1200200 (base 4) in base 9?
8422
-11403 (base 5) to base 6
-3541
37be (base 15) to base 7
46430
What is -5120 (base 6) in base 7?
-3201
32b (base 15) to base 11
5a1
What is -4d03 (base 15) in base 6?
-204020
What is -310 (base 5) in base 6?
-212
Convert -564e (base 16) to base 2.
-101011001001110
-297 (base 14) to base 5
-4100
1984 (base 16) to base 4
1212010
50453 (base 8) to base 2
101000100101011
-1c57 (base 16) to base 4
-1301113
What is -266 (base 7) in base 11?
-123
1452 (base 8) to base 3
1010000
Convert -43041 (base 7) to base 2.
-10100110100110
Convert 1382 (base 12) to base 16.
8d2
Convert -14243 (base 5) to base 15.
-54d
Convert 352 (base 10) to base 6.
1344
What is 12698 (base 13) in base 4?
20110232
5148 (base 9) to base 13
1940
Convert 1101010100 (base 2) to base 10.
852
Convert 15603 (base 7) to base 8.
10475
What is -1853 (base 11) in base 4?
-210311
Convert -87a (base 12) to base 10.
-1246
What is 6175 (base 10) in base 12?
36a7
511 (base 7) to base 6
1101
Convert -6b7d (base 14) to base 13.
-86ab
360 (base 12) to base 14
280
What is 26d (base 16) in base 11?
515
What is -610 (base 7) in base 3?
-102011
What is -11111121 (base 3) in base 4?
-303103
What is c02 (base 15) in base 11?
2037
1474 (base 9) to base 13
682
Convert 110001110110 (base 2) to base 15.
e2a
-1030130 (base 4) to base 9
-6635
-1aac (base 15) to base 12
-3423
-1b67 (base 16) to base 6
-52251
Convert 311441 (base 6) to base 5.
1300014
7819 (base 12) to base 4
3033111
102b7 (base 12) to base 16
52ab
What is -511220 (base 6) in base 10?
-40476
What is 30a7 (base 11) in base 12?
2466
17217 (base 9) to base 7
46345
Convert 275b1 (base 12) to base 4.
31102111
-1455 (base 10) to base 4
-112233
1412 (base 9) to base 5
13224
What is -909 (base 15) in base 11?
-158a
-811 (base 10) to base 16
-32b
Convert -1041 (base 6) to base 5.
-1431
-8b7 (base 13) to base 9
-2048
22212 (base 3) to base 5
1424
Convert -64b (base 12) to base 7.
-2456
-2b75b (base 12) to base 15
-1338e
1210101011 (base 3) to base 9
53334
What is 1763 (base 8) in base 3?
1101110
What is -55 (base 13) in base 11?
-64
What is -c94 (base 16) in base 14?
-1260
What is a739 (base 13) in base 5?
1220301
Convert -2879 (base 16) to base 3.
-112012202
-221100 (base 3) to base 12
-490
Convert 1101110010101 (base 2) to base 9.
10615
Convert 24428 (base 9) to base 14.
5d88
What is 311243 (base 5) in base 7?
41506
-858 (base 10) to base 16
-35a
Convert 330301 (base 4) to base 13.
1a02
Convert 1a (base 15) to base 11.
23
Convert -cbd8 (base 15) to base 16.
-a8aa
What is -4 (base 13) in base 11?
-4
What is -14243 (base 5) in base 13?
-712
4066 (base 9) to base 7
11451
What is 3937 (base 10) in base 9?
5354
Convert -384 (base 11) to base 12.
-31b
Convert -2504 (base 6) to base 4.
-21220
-7896 (base 10) to base 3
-101211110
-d81 (base 14) to base 9
-3576
What is 32033 (base 5) in base 4?
201133
Convert 81 (base 12) to base 7.
166
What is 1021100011 (base 3) in base 16?
61c9
Convert -1377 (base 15) to base 6.
-31134
Convert -974 (base 12) to base 8.
-2550
What is 300103 (base 5) in base 2?
10010010111011
What is -1653 (base 10) in base 12?
-b59
What is -13022 (base 4) in base 11?
-387
Convert -739 (base 14) to base 7.
-4102
Convert -54a4 (base 11) to base 6.
-53325
What is 53332 (base 7) in base 16?
3394
What is -14535 (base 7) in base 15?
-12e9
What is e61 (base 16) in base 9?
5040
Convert 6338 (base 12) to base 16.
2a5c
What is -7b2b (base 14) in base 9?
-32321
10012 (base 4) to base 6
1114
Convert 3238 (base 10) to base 15.
e5d
Convert 18ce (base 16) to base 10.
6350
Convert 9185 (base 13) to base 8.
47123
What is 23114 (base 8) in base 13?
4602
What is 2269 (base 11) in base 12?
1883
Convert -171 (base 16) to base 5.
-2434
What is 10110 (base 4) in base 6?
1140
Convert -10001010 (base 3) to base 16.
-8a9
54 (base 8) to base 14
32
Convert 44b2 (base 15) to base 3.
201222112
Convert -1b8 (base 12) to base 6.
-1152
Convert 224320 (base 6) to base 5.
1103003
-1100110000110 (base 2) to base 8
-14606
Convert 125 (base 15) to base 14.
148
-171 (base 14) to base 13
-199
Convert 74b (base 13) to base 5.
14441
Convert -2082 (base 15) to base 6.
-51452
Convert -3123 (base 10) to base 15.
-dd3
What is 3734 (base 10) in base 7?
13613
What is -1001101011 (base 2) in base 14?
-323
1300 (base 11) to base 5
23234
1124420 (base 5) to base 11
14537
2a00 (base 15) to base 12
5260
What is 13166 (base 9) in base 6?
105053
Convert -121 (base 9) to base 10.
-100
What is 452 (base 14) in base 10?
856
417 (base 10) to base 9
513
What is 373 (base 8) in base 14?
13d
What is 5677 (base 8) in base 7?
11524
Convert 458 (base 13) to base 11.
621
Convert aa0 (base 14) to base 13.
c57
Convert 334 (base 8) to base 16.
dc
4220420 (base 5) to base 3
10120011200
Convert -1b6 (base 12) to base 8.
-432
-534345 (base 6) to base 2
-1010101011111001
Convert -1101 (base 3) to base 12.
-31
What is 93 (base 13) in base 1